 ten thousands digit of 437541?
3
What is the ten thousands digit of 109281?
0
What is the tens digit of 1496240?
4
What is the ten millions digit of 13010658?
1
What is the thousands digit of 7370711?
0
What is the millions digit of 17860445?
7
What is the hundred thousands digit of 5116637?
1
What is the hundreds digit of 32248270?
2
What is the thousands digit of 307344?
7
What is the ten thousands digit of 4095398?
9
What is the hundreds digit of 560818?
8
What is the units digit of 349799?
9
What is the hundred thousands digit of 836290?
8
What is the units digit of 402930?
0
What is the ten thousands digit of 178691?
7
What is the hundred thousands digit of 4510779?
5
What is the thousands digit of 783128?
3
What is the hundred thousands digit of 967735?
9
What is the thousands digit of 14373171?
3
What is the hundred thousands digit of 1542029?
5
What is the hundred thousands digit of 1643169?
6
What is the thousands digit of 277163?
7
What is the tens digit of 3818029?
2
What is the hundreds digit of 1250680?
6
What is the ten thousands digit of 104234?
0
What is the hundred thousands digit of 2386253?
3
What is the tens digit of 976055?
5
What is the units digit of 368916?
6
What is the millions digit of 7641102?
7
What is the hundred thousands digit of 3860178?
8
What is the tens digit of 255084?
8
What is the millions digit of 3137065?
3
What is the tens digit of 3598301?
0
What is the millions digit of 7081480?
7
What is the thousands digit of 185789?
5
What is the tens digit of 212326?
2
What is the tens digit of 654716?
1
What is the units digit of 924844?
4
What is the tens digit of 466607?
0
What is the tens digit of 695501?
0
What is the ten thousands digit of 99886?
9
What is the units digit of 645460?
0
What is the ten thousands digit of 306142?
0
What is the tens digit of 24616402?
0
What is the thousands digit of 1929341?
9
What is the ten thousands digit of 1417686?
1
What is the hundreds digit of 554818?
8
What is the tens digit of 2911657?
5
What is the hundreds digit of 3884345?
3
What is the ten thousands digit of 1558482?
5
What is the tens digit of 16433539?
3
What is the ten thousands digit of 394441?
9
What is the tens digit of 2152787?
8
What is the tens digit of 260055?
5
What is the hundreds digit of 586918?
9
What is the ten thousands digit of 10674306?
7
What is the thousands digit of 3470198?
0
What is the ten thousands digit of 789334?
8
What is the hundreds digit of 1351316?
3
What is the units digit of 703792?
2
What is the hundred thousands digit of 588513?
5
What is the millions digit of 1091630?
1
What is the hundreds digit of 6186118?
1
What is the hundreds digit of 21126?
1
What is the tens digit of 173364?
6
What is the units digit of 601870?
0
What is the tens digit of 15464627?
2
What is the thousands digit of 3197244?
7
What is the hundred thousands digit of 270682?
2
What is the thousands digit of 108025?
8
What is the hundred thousands digit of 7656679?
6
What is the thousands digit of 111932?
1
What is the hundreds digit of 1140?
1
What is the millions digit of 1537283?
1
What is the millions digit of 1111101?
1
What is the hundred thousands digit of 16965077?
9
What is the ten thousands digit of 535219?
3
What is the ten thousands digit of 1279503?
7
What is the thousands digit of 96003?
6
What is the ten thousands digit of 158710?
5
What is the hundred thousands digit of 116567?
1
What is the tens digit of 256292?
9
What is the hundreds digit of 5472368?
3
What is the units digit of 1357496?
6
What is the units digit of 469307?
7
What is the tens digit of 846984?
8
What is the ten thousands digit of 32648?
3
What is the tens digit of 2572331?
3
What is the ten thousands digit of 652201?
5
What is the hundred thousands digit of 1148272?
1
What is the hundred thousands digit of 4122175?
1
What is the ten thousands digit of 5433305?
3
What is the ten thousands digit of 14359433?
5
What is the thousands digit of 8110162?
0
What is the units digit of 16066644?
4
What is the millions digit of 2222392?
2
What is the tens digit of 3084531?
3
What is the hundred thousands digit of 416953?
4
What is the hundred thousands digit of 5086405?
0
What is the hundreds digit of 298247?
2
What is the thousands digit of 3468120?
8
What is the hundreds digit of 637439?
4
What is the units digit of 2451009?
9
What is the ten thousands digit of 297581?
9
What is the thousands digit of 2160036?
0
What is the hundred thousands digit of 1815070?
8
What is the hundred thousands digit of 5728081?
7
What is the thousands digit of 20324925?
4
What is the tens digit of 2587515?
1
What is the hundreds digit of 63248?
2
What is the thousands digit of 18193515?
3
What is the units digit of 11628?
8
What is the tens digit of 226949?
4
What is the hundred thousands digit of 1538098?
5
What is the units digit of 3555082?
2
What is the hundred thousands digit of 5122685?
1
What is the ten thousands digit of 2122917?
2
What is the millions digit of 7779447?
7
What is the hundreds digit of 91908?
9
What is the units digit of 413122?
2
What is the tens digit of 29097?
9
What is the hundreds digit of 759?
7
What is the ten thousands digit of 40951471?
5
What is the ten thousands digit of 447721?
4
What is the thousands digit of 35157?
5
What is the hundreds digit of 8725611?
6
What is the hundreds digit of 180111?
1
What is the ten thousands digit of 9897782?
9
What is the thousands digit of 137211?
7
What is the hundred thousands digit of 25988631?
9
What is the units digit of 390910?
0
What is the hundred thousands digit of 110939?
1
What is the hundred thousands digit of 366448?
3
What is the tens digit of 608278?
7
What is the ten thousands digit of 208394?
0
What is the ten thousands digit of 908645?
0
What is the tens digit of 3163128?
2
What is the thousands digit of 17218635?
8
What is the hundreds digit of 209424?
4
What is the hundred thousands digit of 12065449?
0
What is the hundred thousands digit of 1218958?
2
What is the hundreds digit of 3033686?
6
What is the ten thousands digit of 71458?
7
What is the thousands digit of 289926?
9
What is the thousands digit of 234184?
4
What is the tens digit of 3230333?
3
What is the thousands digit of 3363247?
3
What is the tens digit of 10525189?
8
What is the units digit of 8888559?
9
What is the ten millions digit of 13761122?
1
What is the hundreds digit of 2698280?
2
What is the hundreds digit of 16104?
1
What is the hundreds digit of 18540732?
7
What is the thousands digit of 23896883?
6
What is the tens digit of 875601?
0
What is the hundred thousands digit of 17902419?
9
What is the hundred thousands digit of 5148101?
1
What is the units digit of 3386462?
2
What is the thousands digit of 123609?
3
What is the ten thousands digit of 707145?
0
What is the ten thousands digit of 3093030?
9
What is the units digit of 538743?
3
What is the thousands digit of 7717073?
7
What is the units digit of 16053815?
5
What is the thousands digit of 1805257?
5
What is the hundreds digit of 8904774?
7
What is the tens digit of 20307?
0
What is the hundreds digit of 31642?
6
What is the ten thousands digit of 1384561?
8
What is the millions digit of 16859196?
6
What is the tens digit of 855031?
3
What is the units digit of 4254200?
0
What is the units digit of 494618?
8
What is the tens digit of 5060862?
6
What is the ten thousands digit of 1981944?
8
What is the hundred thousands digit of 615481?
6
What is the thousands digit of 2629995?
9
What is the hundreds digit of 1055747?
7
What is the tens digit of 955957?
5
What is the thousands digit of 130330?
0
What is the tens digit of 498252?
5
What is the hundred thousands digit of 937697?
9
What is the hundred thousands digit of 1411295?
4
What is the hundreds digit of 1210554?
5
What is the hundred thousands digit of 101399?
1
What is the thousands digit of 321594?
1
What is the ten thousands digit of 115077?
1
What is the thousands digit of 1022577?
2
What is the hundreds digit of 1112580?
5
What is the units digit of 2009365?
5
What is the ten millions digit of 17293623?
1
What is the units digit of 1063341?
1
What is the hundred thousands digit of 612163?
6
What is the thousands digit of 878401?
8
What is the units digit of 18461095